218.
1782
What is the highest common divisor of 25 and 3303400?
25
Calculate the highest common factor of 292564815 and 17340.
4335
Calculate the highest common divisor of 438862 and 1786.
38
What is the greatest common divisor of 561244960 and 320?
160
Calculate the highest common factor of 12731110 and 70.
70
What is the highest common factor of 304 and 24721014?
38
What is the highest common factor of 1644 and 404299056?
1644
Calculate the greatest common divisor of 37145 and 34715.
5
Calculate the highest common factor of 2152 and 29912.
8
Calculate the highest common divisor of 120 and 39946125.
15
What is the highest common factor of 21 and 6018199005?
21
What is the greatest common factor of 3488372 and 6228?
692
Calculate the greatest common factor of 5885706 and 24225.
969
What is the greatest common factor of 66 and 27564273?
33
What is the greatest common divisor of 9292 and 494960?
92
Calculate the highest common divisor of 878598 and 21546.
2394
Calculate the greatest common divisor of 3305900 and 42900.
1300
What is the highest common divisor of 2055643 and 51917?
193
What is the greatest common factor of 8576 and 44216?
8
What is the greatest common factor of 145580951 and 339?
113
Calculate the highest common factor of 66004050 and 45.
15
What is the greatest common factor of 14378772 and 41772?
708
What is the highest common divisor of 3220824 and 336?
24
Calculate the highest common factor of 14142 and 18522.
6
What is the highest common factor of 178306491 and 36522?
6087
What is the highest common divisor of 464 and 234958?
58
Calculate the greatest common factor of 34 and 3497857882.
34
What is the greatest common factor of 12748080 and 240?
240
Calculate the highest common factor of 36983572 and 37.
37
What is the highest common factor of 39201 and 4891?
73
Calculate the greatest common divisor of 97680 and 368224.
592
Calculate the highest common factor of 149779764 and 12.
12
What is the highest common divisor of 90846 and 1766646?
882
Calculate the greatest common factor of 53172126 and 2646.
378
Calculate the highest common divisor of 177157878 and 10968.
2742
What is the highest common factor of 684348 and 35994?
42
What is the highest common divisor of 85924377 and 539?
77
What is the highest common factor of 227115 and 1020915?
2205
What is the highest common divisor of 23881659 and 138?
69
What is the greatest common factor of 297 and 22714164?
99
Calculate the greatest common divisor of 776836 and 269666.
2474
Calculate the greatest common factor of 8983 and 3709288.
691
Calculate the greatest common factor of 801 and 37881.
9
What is the greatest common factor of 524653970 and 60?
10
What is the highest common factor of 3477467 and 175?
7
Calculate the highest common factor of 808 and 351608.
8
Calculate the highest common divisor of 1722002 and 4.
2
Calculate the greatest common factor of 107123056 and 122032.
4208
Calculate the greatest common divisor of 75 and 239059675.
25
Calculate the greatest common factor of 17 and 26693.
1
What is the greatest common divisor of 104616 and 1656?
72
What is the greatest common divisor of 125 and 12914925?
25
Calculate the greatest common divisor of 305925752 and 13706.
1958
What is the greatest common factor of 259956 and 7047?
783
Calculate the highest common factor of 1289254 and 5874.
178
Calculate the highest common factor of 4011 and 7140.
21
What is the highest common divisor of 27324660 and 20?
20
Calculate the highest common factor of 52718006 and 1074.
358
What is the highest common divisor of 392755798 and 6866?
6866
What is the highest common divisor of 19067099 and 4971?
1657
What is the greatest common divisor of 264 and 5019432?
264
Calculate the highest common factor of 407 and 15551.
1
Calculate the greatest common factor of 82917 and 2196.
9
Calculate the greatest common divisor of 260187 and 2022.
3
What is the greatest common factor of 344 and 48641342?
86
What is the highest common divisor of 154680 and 606?
6
What is the highest common factor of 9659 and 424072451?
743
Calculate the highest common divisor of 30147135 and 75.
15
What is the highest common divisor of 65 and 5814081?
13
Calculate the highest common divisor of 688325 and 275.
275
Calculate the highest common factor of 252436236 and 156.
156
What is the highest common factor of 1941300 and 650?
50
What is the greatest common factor of 2535 and 1252320?
15
Calculate the greatest common factor of 1647569 and 4543.
77
Calculate the greatest common divisor of 3856 and 227986.
482
What is the highest common factor of 85680 and 51030000?
5040
What is the highest common divisor of 1472557 and 16074?
893
What is the greatest common divisor of 144 and 3595309488?
144
Calculate the highest common factor of 485688 and 193992.
1416
Calculate the greatest common divisor of 60 and 10316175.
15
Calculate the highest common factor of 106984 and 49708.
172
What is the highest common divisor of 36480 and 514864128?
7296
Calculate the greatest common divisor of 9295050 and 2400.
150
Calculate the greatest common divisor of 8856 and 1397304.
216
What is the greatest common factor of 30457 and 221179?
133
Calculate the highest common factor of 871 and 4035.
1
What is the greatest common divisor of 73148166 and 3367?
91
Calculate the highest common divisor of 16245 and 23841865.
95
What is the highest common factor of 13727 and 105709?
37
What is the highest common factor of 9 and 102648465?
9
Calculate the highest common factor of 3127 and 1456684807.
3127
What is the highest common divisor of 70 and 23300000?
10
What is the greatest common divisor of 36060326 and 5614?
802
Calculate the highest common factor of 171122 and 19278.
238
What is the highest common divisor of 164 and 17147553?
41
What is the greatest common divisor of 19191 and 247052140?
6397
Calculate the highest common factor of 36626440 and 65464.
1336
What is the greatest common divisor of 700 and 7543025?
175
What is the greatest common factor of 1445 and 73980?
5
Calculate the highest common divisor of 2390012 and 39037.
103
What is the greatest common divisor of 413851 and 2018731?
743
What is the greatest common divisor of 109578326 and 488?
122
Calculate the highest common divisor of 1139374 and 1449.
23
What is the greatest common factor of 140378 and 41033?
37
Calculate the greatest common factor of 253372455 and 34020.
8505
What is the greatest common factor of 20348 and 288?
4
Calculate the highest common factor of 297 and 506099.
11
What is the highest common factor of 13520 and 13652665?
845
Calculate the greatest common factor of 88 and 3199109408.
88
Calculate the highest common divisor of 1599155166 and 1974.
1974
Calculate the highest common factor of 3951735 and 60.
15
Calculate the highest common divisor of 3346800 and 216.
24
Calculate the greatest common divisor of 1098 and 9095466.
366
What is the highest common divisor of 849 and 140814857?
283
What is the greatest common divisor of 825 and 328240275?
825
What is the greatest common factor of 59686809 and 266?
133
What is the greatest common factor of 479 and 661499?
479
What is the greatest common divisor of 101008 and 116348?
236
What is the greatest common divisor of 25968175 and 50?
25
Calculate the greatest common factor of 220 and 169071155.
55
What is the greatest common divisor of 130 and 6462820?
130
What is the greatest common divisor of 63 and 381121881?
21
Calculate the highest common factor of 5566 and 2247146.
506
What is the highest common factor of 52309 and 346253?
181
What is the highest common factor of 24597540 and 943?
41
What is the highest common factor of 245194 and 20?
2
What is the highest common factor of 576625 and 308?
7
Calculate the greatest common divisor of 672 and 20232912.
336
Calculate the highest common divisor of 18658397 and 1073.
1073
Calculate the greatest common factor of 33 and 46724568.
33
Calculate the greatest common factor of 817203 and 333078.
3873
Calculate the highest common factor of 4243796922 and 4538.
4538
Calculate the highest common factor of 353626 and 5824.
182
What is the highest common divisor of 8455093 and 1?
1
What is the greatest common factor of 44778 and 34221?
51
What is the greatest common factor of 2